{"id":1327,"date":"2022-02-09T16:36:50","date_gmt":"2022-02-09T13:36:50","guid":{"rendered":"https:\/\/eyesoft.com.tr\/?page_id=1327"},"modified":"2025-10-17T16:20:04","modified_gmt":"2025-10-17T13:20:04","slug":"gozcu","status":"publish","type":"page","link":"https:\/\/eyesoft.com.tr\/index.php\/gozcu\/","title":{"rendered":"G\u00f6zc\u00fc"},"content":{"rendered":"\n<div class=\"wp-block-atomic-blocks-ab-columns ab-layout-columns-2 ab-2-col-wideleft ab-columns-center alignwide\" style=\"padding-right:20px\"><div class=\"ab-layout-column-wrap ab-block-layout-column-gap-2 ab-is-responsive-column\" style=\"max-width:980px\">\n<div class=\"wp-block-atomic-blocks-ab-column ab-block-layout-column\"><div class=\"ab-block-layout-column-inner\">\n<figure class=\"wp-block-embed is-type-video is-provider-youtube wp-block-embed-youtube wp-embed-aspect-16-9 wp-has-aspect-ratio\"><div class=\"wp-block-embed__wrapper\">\n<div class=\"nv-iframe-embed\"><iframe loading=\"lazy\" title=\"Eyesoft - G\u00f6zc\u00fc G\u00f6z Egzersiz Sistemi\" width=\"1200\" height=\"675\" src=\"https:\/\/www.youtube.com\/embed\/Bhk3P-Za0Pc?feature=oembed\" frameborder=\"0\" allow=\"accelerometer; autoplay; clipboard-write; encrypted-media; gyroscope; picture-in-picture; web-share\" referrerpolicy=\"strict-origin-when-cross-origin\" allowfullscreen><\/iframe><\/div>\n<\/div><\/figure>\n<\/div><\/div>\n\n\n\n<div class=\"wp-block-atomic-blocks-ab-column ab-block-layout-column\"><div class=\"ab-block-layout-column-inner\" style=\"padding-right:20px\">\n<h2 class=\"has-text-align-center\" id=\"goz-egzersiz-sistemi\">G\u00f6z Egzersiz Sistemi<\/h2>\n\n\n\n<p class=\"has-text-align-justify\" style=\"font-size:16px\">G\u00f6z tembelli\u011fi ve az g\u00f6renler i\u00e7in geli\u015ftirilen, ileri teknoloji destekli bir g\u00f6z egzersizleri sistemidir. Sistem, g\u00f6z hareketlerini takip teknolojisi kullanarak, oyun tabanl\u0131 bir \u00e7evrim i\u00e7i ortam uygulamas\u0131 olarak geli\u015ftirilmi\u015ftir.<\/p>\n\n\n\n<div class=\"wp-container-1 wp-block-buttons\">\n<div class=\"wp-block-button has-custom-width wp-block-button__width-50 is-style-primary\"><a class=\"wp-block-button__link\" href=\"https:\/\/gozcu.eyesoft.com.tr\/\" style=\"border-radius:5px\" target=\"_blank\" rel=\"noreferrer noopener\">Ke\u015ffet<\/a><\/div>\n<\/div>\n<\/div><\/div>\n<\/div><\/div>\n\n\n\n<h1 class=\"alignfull has-text-align-center has-background\" id=\"eebf\" style=\"background-color:#f2f2f2\">G\u00f6zc\u00fc Ba\u015fvuru Formu<\/h1>\n\n\n<div class=\"wp-block-jetpack-contact-form\"><a href=\"https:\/\/eyesoft.com.tr\/index.php\/gozcu\/\" target=\"_blank\" rel=\"noopener noreferrer\">Submit a form.<\/a><\/div>\n\n\n<div style=\"height:100px\" aria-hidden=\"true\" class=\"wp-block-spacer\"><\/div>\n","protected":false},"excerpt":{"rendered":"<p>G\u00f6zc\u00fc Ba\u015fvuru Formu<\/p>\n","protected":false},"author":1,"featured_media":0,"parent":0,"menu_order":0,"comment_status":"closed","ping_status":"closed","template":"","meta":{"neve_meta_sidebar":"","neve_meta_container":"","neve_meta_enable_content_width":"","neve_meta_content_width":0,"neve_meta_title_alignment":"","neve_meta_author_avatar":"","neve_post_elements_order":"","neve_meta_disable_header":"","neve_meta_disable_footer":"","neve_meta_disable_title":"","spay_email":""},"featured_image_src":null,"featured_image_src_square":null,"_links":{"self":[{"href":"https:\/\/eyesoft.com.tr\/index.php\/wp-json\/wp\/v2\/pages\/1327"}],"collection":[{"href":"https:\/\/eyesoft.com.tr\/index.php\/wp-json\/wp\/v2\/pages"}],"about":[{"href":"https:\/\/eyesoft.com.tr\/index.php\/wp-json\/wp\/v2\/types\/page"}],"author":[{"embeddable":true,"href":"https:\/\/eyesoft.com.tr\/index.php\/wp-json\/wp\/v2\/users\/1"}],"replies":[{"embeddable":true,"href":"https:\/\/eyesoft.com.tr\/index.php\/wp-json\/wp\/v2\/comments?post=1327"}],"version-history":[{"count":56,"href":"https:\/\/eyesoft.com.tr\/index.php\/wp-json\/wp\/v2\/pages\/1327\/revisions"}],"predecessor-version":[{"id":1820,"href":"https:\/\/eyesoft.com.tr\/index.php\/wp-json\/wp\/v2\/pages\/1327\/revisions\/1820"}],"wp:attachment":[{"href":"https:\/\/eyesoft.com.tr\/index.php\/wp-json\/wp\/v2\/media?parent=1327"}],"curies":[{"name":"wp","href":"https:\/\/api.w.org\/{rel}","templated":true}]}}