{"id":903,"date":"2022-01-12T14:36:56","date_gmt":"2022-01-12T11:36:56","guid":{"rendered":"http:\/\/eyesoft.com.tr\/?page_id=903"},"modified":"2023-11-01T17:05:47","modified_gmt":"2023-11-01T14:05:47","slug":"sirket","status":"publish","type":"page","link":"https:\/\/eyesoft.com.tr\/index.php\/sirket\/","title":{"rendered":"\u015eirket"},"content":{"rendered":"\n<h3>Ticari Bilgiler:<\/h3>\n\n\n\n<pre class=\"wp-block-code\"><code>Ticaret \u00dcnvan\u0131: EYESOFT Bili\u015fim E\u011fitim Yay\u0131nc\u0131l\u0131k \u0130leti\u015fim ve Dan\u0131\u015fmanl\u0131k Anonim \u015eirketi\n\nTicaret Sicil No: 411897\n\nVergi Dairesi: Maltepe\n\nVergi Sicil No: 3830448308<\/code><\/pre>\n\n\n\n<p><\/p>\n","protected":false},"excerpt":{"rendered":"<p>Ticari Bilgiler:<\/p>\n","protected":false},"author":1,"featured_media":0,"parent":0,"menu_order":0,"comment_status":"closed","ping_status":"closed","template":"","meta":{"neve_meta_sidebar":"","neve_meta_container":"","neve_meta_enable_content_width":"","neve_meta_content_width":0,"neve_meta_title_alignment":"","neve_meta_author_avatar":"","neve_post_elements_order":"","neve_meta_disable_header":"","neve_meta_disable_footer":"","neve_meta_disable_title":"","spay_email":""},"featured_image_src":null,"featured_image_src_square":null,"_links":{"self":[{"href":"https:\/\/eyesoft.com.tr\/index.php\/wp-json\/wp\/v2\/pages\/903"}],"collection":[{"href":"https:\/\/eyesoft.com.tr\/index.php\/wp-json\/wp\/v2\/pages"}],"about":[{"href":"https:\/\/eyesoft.com.tr\/index.php\/wp-json\/wp\/v2\/types\/page"}],"author":[{"embeddable":true,"href":"https:\/\/eyesoft.com.tr\/index.php\/wp-json\/wp\/v2\/users\/1"}],"replies":[{"embeddable":true,"href":"https:\/\/eyesoft.com.tr\/index.php\/wp-json\/wp\/v2\/comments?post=903"}],"version-history":[{"count":4,"href":"https:\/\/eyesoft.com.tr\/index.php\/wp-json\/wp\/v2\/pages\/903\/revisions"}],"predecessor-version":[{"id":1559,"href":"https:\/\/eyesoft.com.tr\/index.php\/wp-json\/wp\/v2\/pages\/903\/revisions\/1559"}],"wp:attachment":[{"href":"https:\/\/eyesoft.com.tr\/index.php\/wp-json\/wp\/v2\/media?parent=903"}],"curies":[{"name":"wp","href":"https:\/\/api.w.org\/{rel}","templated":true}]}}